198?
True
Is 11 a factor of 1688?
False
Is 17226 a multiple of 198?
True
Does 3 divide 39?
True
Does 78 divide 25896?
True
Is 8 a factor of 13671?
False
Does 14 divide 1456?
True
Is 70690 a multiple of 73?
False
Is 386 a multiple of 22?
False
Is 20 a factor of 5000?
True
Is 13305 a multiple of 68?
False
Is 975 a multiple of 13?
True
Does 21 divide 441?
True
Is 130 a multiple of 10?
True
Is 42 a factor of 882?
True
Is 1760 a multiple of 44?
True
Is 62 a factor of 4650?
True
Is 488 a multiple of 19?
False
Does 5 divide 743?
False
Does 100 divide 47439?
False
Is 44859 a multiple of 37?
False
Is 11245 a multiple of 21?
False
Is 23 a factor of 6029?
False
Does 5 divide 4265?
True
Is 49416 a multiple of 71?
True
Does 69 divide 39607?
False
Is 606 a multiple of 6?
True
Is 85540 a multiple of 52?
True
Is 14 a factor of 16114?
True
Is 14 a factor of 3360?
True
Is 14577 a multiple of 11?
False
Does 16 divide 270?
False
Is 509 a multiple of 11?
False
Is 2859 even?
False
Does 9 divide 825?
False
Is 2760 a multiple of 115?
True
Is 30 a factor of 4950?
True
Does 18 divide 22015?
False
Does 4 divide 1336?
True
Does 73 divide 49786?
True
Does 12 divide 1896?
True
Does 23 divide 2085?
False
Is 5324 a multiple of 6?
False
Does 111 divide 2481?
False
Does 75 divide 78450?
True
Does 10 divide 1320?
True
Is 11191 a multiple of 18?
False
Is 30 a factor of 5280?
True
Is 63359 a multiple of 17?
True
Is 19220 a multiple of 7?
False
Is 493 a multiple of 59?
False
Is 28354 a multiple of 34?
False
Is 2961 a multiple of 7?
True
Does 12 divide 1044?
True
Is 888 a multiple of 24?
True
Does 135 divide 945?
True
Does 58 divide 1102?
True
Does 14 divide 650?
False
Does 30 divide 1730?
False
Is 85729 a multiple of 278?
False
Is 1860 a multiple of 33?
False
Does 62 divide 1217?
False
Is 6 a factor of 1114?
False
Is 32 a factor of 74984?
False
Does 4 divide 43?
False
Is 29 a factor of 29208?
False
Does 9 divide 23616?
True
Is 13 a factor of 5773?
False
Does 10 divide 316?
False
Does 17 divide 612?
True
Is 40 a factor of 17640?
True
Is 8 a factor of 496?
True
Does 109 divide 11456?
False
Is 3062 a multiple of 10?
False
Is 679 a multiple of 45?
False
Is 841 a multiple of 32?
False
Does 12 divide 420?
True
Is 34 a factor of 10565?
False
Is 8484 a multiple of 35?
False
Does 36 divide 986?
False
Is 8 a factor of 478?
False
Is 142 a multiple of 3?
False
Does 21 divide 294?
True
Is 3420 a multiple of 15?
True
Is 43587 a multiple of 16?
False
Is 26793 a multiple of 321?
False
Is 56659 a multiple of 66?
False
Is 6 a factor of 4973?
False
Does 26 divide 728?
True
Is 12 a factor of 676?
False
Is 9 a factor of 205?
False
Is 2 a factor of 5368?
True
Is 126 a factor of 10077?
False
Is 1813 a multiple of 49?
True
Is 1212 a multiple of 17?
False
Is 307 a multiple of 2?
False
Is 565 a multiple of 3?
False
Is 7099 a multiple of 6?
False
Does 10 divide 23965?
False
Is 1620 a multiple of 54?
True
Is 5 a factor of 875?
True
Is 30 a factor of 1933?
False
Is 13 a factor of 32822?
False
Is 2 a factor of 12003?
False
Is 8 a factor of 4232?
True
Is 462 a multiple of 11?
True
Does 26 divide 7475?
False
Is 33850 a multiple of 25?
True
Is 41720 a multiple of 20?
True
Is 11 a factor of 9691?
True
Does 17 divide 4896?
True
Is 1400 a multiple of 28?
True
Is 402 a multiple of 34?
False
Is 2441 a multiple of 11?
False
Does 27 divide 357?
False
Does 68 divide 37808?
True
Is 10960 a multiple of 20?
True
Is 69 a factor of 1242?
True
Is 12 a factor of 36865?
False
Is 5750 a multiple of 25?
True
Is 15 a factor of 1185?
True
Does 27 divide 1747?
False
Does 8 divide 620?
False
Is 36 a factor of 1764?
True
Does 49 divide 1715?
True
Is 27 a factor of 3645?
True
Is 106736 a multiple of 14?
True
Is 4 a factor of 119?
False
Is 22 a factor of 418?
True
Is 2 a factor of 63?
False
Is 11163 a multiple of 10?
False
Is 9 a factor of 570?
False
Is 1136 a multiple of 11?
False
Is 1579 a multiple of 11?
False
Is 23 a factor of 276?
True
Is 55 a factor of 1320?
True
Is 10 a factor of 59?
False
Is 13523 a multiple of 133?
False
Is 70 a factor of 8260?
True
Is 756 a multiple of 63?
True
Is 21728 a multiple of 224?
True
Is 9 a factor of 12065?
False
Does 15 divide 375?
True
Is 14 a factor of 4082?
False
Is 407 a multiple of 5?
False
Is 88 a factor of 4411?
False
Is 2 a factor of 66?
True
Is 17 a factor of 10387?
True
Is 22 a factor of 635?
False
Is 43 a factor of 129?
True
Does 24 divide 5505?
False
Is 927 a multiple of 10?
False
Does 176 divide 3735?
False
Does 8 divide 34185?
False
Is 2955 a multiple of 15?
True
Is 297 a multiple of 9?
True
Does 187 divide 17367?
False
Is 57 a factor of 81111?
True
Is 12 a factor of 144?
True
Is 17 a factor of 1445?
True
Is 9730 a multiple of 14?
True
Is 50 a factor of 1941?
False
Is 16 a factor of 256?
True
Does 50 divide 6258?
False
Is 12 a factor of 1171?
False
Is 435 a multiple of 15?
True
Is 41 a factor of 2419?
True
Is 520 a multiple of 13?
True
Does 30 divide 18000?
True
Is 771 a multiple of 56?
False
Is 30429 a multiple of 69?
True
Does 75 divide 7800?
True
Does 13 divide 702?
True
Is 78881 a multiple of 11?
True
Does 56 divide 30688?
True
Is 6 a factor of 438?
True
Is 83371 a multiple of 352?
False
Does 101 divide 147864?
True
Does 19 divide 76?
True
Is 144 a factor of 7344?
True
Is 6892 a multiple of 54?
False
Is 59 a factor of 5908?
False
Is 5712 a multiple of 56?
True
Is 365 a multiple of 5?
True
Does 66 divide 6079?
False
Does 11 divide 3001?
False
Does 6 divide 268?
False
Is 38955 a multiple of 35?
True
Is 8 a factor of 2407?
False
Is 7 a factor of 1425?
False
Does 77 divide 26725?
False
Is 1436 a multiple of 5?
False
Does 31 divide 3247?
False
Is 35 a factor of 3353?
False
Is 130984 a multiple of 28?
True
Is 55 a factor of 2987?
False
Does 32 divide 544?
True
Is 9 a factor of 198?
True
Does 34 divide 2278?
True
Is 44 a factor of 27775?
False
Does 79 divide 99382?
True
Is 189 a factor of 5122?
False
Is 96 a multiple of 22?
False
Is 255 a multiple of 15?
True
Does 30 divide 512?
False
Does 74 divide 41314?
False
Does 62 divide 58590?
True
Is 13 a factor of 1625?
True
Is 56810 a multiple of 19?
True
Is 26 a factor of 19136?
True
Is 370 a multiple of 37?
True
Is 10440 a multiple of 24?
True
Is 66 a factor of 41295?
False
Is 51 a factor of 7854?
True
Is 318 a multiple of 15?
False
Is 59 a factor of 7906?
True
Does 5 divide 116?
False
Is 199 a multiple of 27?
False
Is 4238 a multiple of 26?
True
Does 14 divide 9644?
False
Is 68 a factor of 600?
False
Does 7 divide 1393?
True
Does 163 divide 4838?
False
Is 1120 a multiple of 56?
True
Does 63 divide 7686?
True
Is 43146 a multiple of 47?
True
Is 189 a factor of 28350?
True
Does 115 divide 22475?
False
Is 3335 even?
False
Does 31 divide 2529?
False
Is 10 a factor of 543?
False
Is 11540 a multiple of 5?
True
Does 36 divide 5328?
True
Is 6 a factor of 2128?
False
Is 3 a factor of 3957?
True
Does 298 divide 8112?
False
Is 11 a factor of 1011?
False
Does 14 divide 59178?
True
Is 26878 a multiple of 149?
False
Does 108 divide 2484?
True
Is 274 a multiple of 10?
False
Is 17 a factor of 9893?
False
Is 6160 a multiple of 56?
True
Does 7 divide 208?
False
Is 39434 a multiple of 10?
False
Is 52 a factor of 12637?
False
Is 37 a factor of 362?
False
Is 893 a multiple of 91?
False
Is 3 a factor of 81?
True
Is 24 a factor of 1416?
True
Does 11 divide 28167?
False
Is 9111 a multiple of 18?
False
Is 22 a factor of 227?
False
Is 22 a factor of 9466?
False
Is 812 a multiple of 7?
True
Is 126 a factor of 1134?
True
Does 58 divide 5370?
False
Does 2 divide 825?
False
Is 6448 a multiple of 61?
False
Is 14 a factor of 392?
True
Is 69 a factor of 8652?
False
Does 5 divide 758?
False
Is 3630 a multiple of 66?
True
Is 18 a factor of 2236?
False
Does 77 divide 32340?
True
Does 21 divide 14454?
False
Is 459 a multiple of 9?
True
Is 10392 a multiple of 8?
True
Does 163 divide 60147?
True
Does 35 divide 5670?
True
Is 685 a multiple of 15?
False
Does 49 divide 1592?
False
Is 7 a multiple of 7?
True
Is 3525 a multiple of 22?
False
Does 21 divide 19120?
False
Is 32 a factor of 36320?
True
Does 41 divide 17835?
True
Is 86 a factor of 1829?
False
Is 12618 a multiple of 6?
True
Is 13 a factor of 1454?
False
Is 1350 a multiple of 75?
True
Is 11 a factor of 93?
False
Is 40885 a 